7422 + 2?
-35167420
In base 6, what is -334343121 - 0?
-334343121
In base 11, what is -883 - -1a8504?
1a7731
In base 3, what is 10010110212222 - -201?
10010110220200
In base 13, what is 84b0 - 7?
84a6
In base 14, what is -bc + -21cac2?
-21cba0
In base 16, what is -4160d + 2bb?
-41352
In base 9, what is -51 - 530444?
-530505
In base 7, what is 111416153 - 0?
111416153
In base 7, what is -1 - -25022563?
25022562
In base 14, what is 5 + 4b2206?
4b220b
In base 3, what is -1121211102 - -20121010?
-1101020022
In base 6, what is -2153 + 4224034?
4221441
In base 13, what is -93 + -5aab64?
-5aac27
In base 10, what is -592 + -281220?
-281812
In base 7, what is 3230454 + -3?
3230451
In base 11, what is 3 + 206298?
2062a0
In base 6, what is 424401 - -32543?
501344
In base 4, what is 121 + 30202221?
30203002
In base 6, what is 102 - -155525413?
155525515
In base 8, what is -46743 + -122647?
-171612
In base 4, what is -20033100303 + -132?
-20033101101
In base 9, what is 27630488 - 2?
27630486
In base 15, what is -4827c - 45?
-482c2
In base 2, what is -11101001110000011 - -11101011?
-11101001010011000
In base 6, what is -5 + 1321323332?
1321323323
In base 9, what is 28 + -24386066?
-24386037
In base 7, what is -20554601 + 55?
-20554513
In base 13, what is 39548 - b29?
3871c
In base 9, what is -3746820 + 41?
-3746768
In base 8, what is -60 - -4551461?
4551401
In base 10, what is 120 - 66241?
-66121
In base 8, what is 501272 - -22?
501314
In base 11, what is -20364 - -96a?
-1a4a5
In base 13, what is -1c2a75 - 3?
-1c2a78
In base 9, what is -4 - -28277523?
28277518
In base 6, what is 22334 + -14551205?
-14524431
In base 2, what is 11000111000001110001 + -10111011?
11000110111110110110
In base 15, what is dce4e - 45?
dce09
In base 16, what is -182 - -2bd04?
2bb82
In base 13, what is 19b235b3 - -5?
19b235b8
In base 2, what is 111001 - -1111100110110100111?
1111100110111100000
In base 3, what is 111 - -20002121210?
20002122021
In base 2, what is -10100 + -10100101100000010100?
-10100101100000101000
In base 12, what is 119220a - 2?
1192208
In base 2, what is -1111000001101110001000 + -110110?
-1111000001101110111110
In base 14, what is -13 - -3a34b9?
3a34a6
In base 12, what is 5 + 4524353?
4524358
In base 13, what is -1970 + -bc3?
-2863
In base 12, what is 5 - 12173b49?
-12173b44
In base 6, what is 202423 + -4205?
154214
In base 10, what is -53245312 + 14?
-53245298
In base 6, what is 33114104334 - 4?
33114104330
In base 10, what is -119150552 - 4?
-119150556
In base 13, what is -20c - -176765?
176556
In base 5, what is 14 - 20020402?
-20020333
In base 13, what is -a413 - -30?
-a3b3
In base 7, what is -2151055665 + 1?
-2151055664
In base 9, what is -318 - 144140?
-144458
In base 15, what is -a609e - -d?
-a6091
In base 8, what is 320517 - -1162?
321701
In base 6, what is 15 - 3251422?
-3251403
In base 12, what is 74 + -19a19?
-19965
In base 6, what is -5 - -205534234?
205534225
In base 9, what is 778041 + 207?
778248
In base 16, what is 131b3 - 750?
12a63
In base 8, what is 5306156 + -22?
5306134
In base 8, what is -32011740 + 7?
-32011731
In base 5, what is -1 + 3443334422?
3443334421
In base 15, what is -154 + -2636d?
-264c2
In base 14, what is 14c8 + 20cb?
35b5
In base 12, what is -268a6b8 - -3?
-268a6b5
In base 16, what is 10ec - -a8a?
1b76
In base 11, what is -78 + 63197?
6311a
In base 15, what is -2 - -1ca247?
1ca245
In base 8, what is -2215 + 37715?
35500
In base 12, what is 86920a - -5?
869213
In base 15, what is -d + 124bd4a?
124bd3c
In base 13, what is -5 - -42a0c?
42a07
In base 15, what is 38 - 580913?
-5808ca
In base 6, what is 14515 + 434310?
453225
In base 7, what is 10366342054 - 5?
10366342046
In base 14, what is 234435 + -b?
234428
In base 14, what is 2727219 + -9?
2727210
In base 16, what is -104c - 9f2e?
-af7a
In base 12, what is -25b6192b - 2?
-25b61931
In base 3, what is 2000021120010 + -101?
2000021112202
In base 15, what is -1a304b1 - -4?
-1a304ac
In base 6, what is -204454223 + 42?
-204454141
In base 11, what is 65185a20 - 3?
65185a18
In base 11, what is -3310 + -90a4?
-11404
In base 8, what is -6506046525 + 2?
-6506046523
In base 14, what is -325 + 141bd2?
1418ab
In base 7, what is 33 + 1205552560?
1205552623
In base 9, what is -31533 - -11584?
-18838
In base 6, what is -4530434 + 1034?
-4525400
In base 10, what is 12989267 - 9?
12989258
In base 10, what is -3072 + 48704?
45632
In base 16, what is 55 + ccdd?
cd32
In base 9, what is 843 - 8682?
-7738
In base 7, what is -62144313 - 2?
-62144315
In base 3, what is -10112101 + 12210?
-10022121
In base 11, what is -15989 + 6?
-15983
In base 3, what is -202222211111121 + 11?
-202222211111110
In base 7, what is -1144 + 4654?
3510
In base 3, what is -102102102101 - -110?
-102102101221
In base 16, what is -3 + -5f6312a?
-5f6312d
In base 2, what is -1101101 - -11000?
-1010101
In base 7, what is 4 - 134325600?
-134325563
In base 15, what is 4 - 4b6b885?
-4b6b881
In base 15, what is -5 + db21538?
db21533
In base 7, what is 2 + -113146136?
-113146134
In base 14, what is 424 + 5443?
5867
In base 8, what is 105 - -14123?
14230
In base 16, what is 45 + -10898a?
-108945
In base 12, what is 4914381 - -3?
4914384
In base 4, what is -220110331232 + -2?
-220110331300
In base 10, what is 85 + 94918?
95003
In base 9, what is 13448 - -5152?
18611
In base 11, what is 20023a3aa + -3?
20023a3a7
In base 12, what is -125b64 + -328?
-126290
In base 11, what is 852 + -384?
479
In base 11, what is -144556 + 4a?
-144507
In base 9, what is 4380752 + 13?
4380765
In base 3, what is -202201121001111 - -12?
-202201121001022
In base 8, what is 53614231 - 2?
53614227
In base 13, what is -b689792b - 4?
-b6897932
In base 13, what is 1092 - -3c7?
1489
In base 8, what is -107 + -146056?
-146165
In base 6, what is 4 + -5222243315?
-5222243311
In base 7, what is 45 + 1642361?
1642436
In base 14, what is -d - 981250?
-98125d
In base 10, what is 1810445 - 9?
1810436
In base 13, what is 19 - 65270cc?
-65270b3
In base 3, what is -211 + -110001002112201?
-110001002120112
In base 2, what is -101011100011111011100001 + -1001010?
-101011100011111100101011
In base 14, what is 1 + 62820a?
62820b
In base 15, what is -39 + bc3b1?
bc377
In base 2, what is -1111 - 1100000011011101011101?
-1100000011011101101100
In base 16, what is 0 + -1da828?
-1da828
In base 7, what is 5340153412 - 1?
5340153411
In base 3, what is 11100010210220 - -20220?
11100011001210
In base 6, what is -41542543 - -10?
-41542533
In base 9, what is -5337 + -13210?
-18547
In base 8, what is -123277530 - 12?
-123277542
In base 15, what is 5 - 37ad2a?
-37ad25
In base 2, what is 11100 + 10110010111011000100?
10110010111011100000
In base 3, what is -12 - 121102220?
-121110002
In base 16, what is 16 + 2077792?
20777a8
In base 2, what is 10110010001 - 101001100011100011?
-101001001101010010
In base 8, what is 16566 - -20?
16606
In base 16, what is -67 + -2d964?
-2d9cb
In base 11, what is 62222 + -47?
62186
In base 2, what is -1010111110100010100111100110 + -11?
-1010111110100010100111101001
In base 4, what is -21331 + -31022112?
-31110103
In base 11, what is 47 + 1a652?
1a699
In base 15, what is -2ea2b - -222?
-2e809
In base 9, what is -20340 - -1155?
-18174
In base 13, what is -37a35c - 2?
-37a361
In base 10, what is -532665 + 4?
-532661
In base 14, what is 1 - 17b7840c?
-17b7840b
In base 4, what is 2 - 12102020030?
-12102020022
In base 11, what is -85829 + 98?
-85741
In base 2, what is 1011111111001 + 1111111001?
1101111110010
In base 3, what is -2110212212 - 22011?
-2111012000
In base 12, what is -43 + 69ba2?
69b5b
In base 13, what is -7b4079 + 5?
-7b4074
In base 13, what is -14c + 21011?
20b92
In base 13, what is 1a625 - -893?
1b1b8
In base 13, what is 868b68 - 3b?
868b2a
In base 6, what is -13 - -104135401?
104135344
In base 8, what is 2411335 - -71?
2411426
In base 8, what is 4123046 + -5?
4123041
In base 11, what is -44 - -17119?
17085
In base 9, what is -37776 + -22277?
-61164
In base 8, what is 307515 - -3564?
313301
In base 5, what is -20430 - 13120?
-34100
In base 16, what is 0 + 64f9e31?
64f9e31
In base 16, what is -4 + -8615c7?
-8615cb
In base 10, what is 1528285 + 14?
1528299
In base 9, what is 3800 + 321?
4221
In base 10, what is -352114400 + 1?
-352114399
In base 15, 